{"id":17,"date":"2011-10-22T16:41:13","date_gmt":"2011-10-22T16:41:13","guid":{"rendered":"http:\/\/livraria-arcoiris.decimal.pt\/?page_id=17"},"modified":"2015-08-28T15:48:54","modified_gmt":"2015-08-28T15:48:54","slug":"livraria-e-papelaria-arco-iris","status":"publish","type":"page","link":"https:\/\/livraria-arcoiris.pt\/","title":{"rendered":""},"content":{"rendered":"<p><img decoding=\"async\" src=\"http:\/\/livraria-arcoiris.com\/wp-content\/uploads\/2012\/01\/facebook.gif\" alt=\"\" \/><a href=\"http:\/\/www.facebook.com\/profile.php?id=100003403116738\" target=\"_blank\">Siga-nos no Facebook<\/a><\/p>\n<h4 style=\"text-align: center;\"><span style=\"color: #333399;\">fotoc\u00f3pias <span style=\"color: #ff0000;\">c<\/span><span style=\"color: #00ccff;\">o<\/span><span style=\"color: #ffff00;\">r<\/span>\/<span style=\"color: #000000;\">p&amp;b<\/span><\/span> | impress\u00f5es cor\/p&amp;b | encaderna\u00e7\u00f5es argola metal | plastifica\u00e7\u00f5es a quente | encapamos livros escolares e outros<\/h4>\n<table style=\"height: 113px;\" border=\"0\" width=\"539\">\n<tbody>\n<tr>\n<td colspan=\"2\">\n<h1 style=\"text-align: center;\"><strong>CAMPANHA ESCOLAR 2015<\/strong><\/h1>\n<\/td>\n<\/tr>\n<tr>\n<td style=\"text-align: center;\">\u00a0<a href=\"http:\/\/livraria-arcoiris.pt\/wp-content\/uploads\/2011\/10\/lai201516_edited.jpg\"><img loading=\"lazy\" decoding=\"async\" class=\"alignnone size-large wp-image-267\" src=\"http:\/\/livraria-arcoiris.pt\/wp-content\/uploads\/2011\/10\/lai201516_edited-1024x861.jpg\" alt=\"lai201516_edited\" width=\"480\" height=\"403\" srcset=\"https:\/\/livraria-arcoiris.pt\/wp-content\/uploads\/2011\/10\/lai201516_edited-1024x861.jpg 1024w, https:\/\/livraria-arcoiris.pt\/wp-content\/uploads\/2011\/10\/lai201516_edited-300x252.jpg 300w, https:\/\/livraria-arcoiris.pt\/wp-content\/uploads\/2011\/10\/lai201516_edited.jpg 1097w\" sizes=\"auto, (max-width: 480px) 100vw, 480px\" \/><\/a><br \/>\n<a href=\"http:\/\/livraria-arcoiris.pt\/wp-content\/uploads\/2011\/10\/cadernospretos.jpg\"><img loading=\"lazy\" decoding=\"async\" class=\"alignnone size-large wp-image-252\" src=\"http:\/\/livraria-arcoiris.pt\/wp-content\/uploads\/2011\/10\/cadernospretos-1024x576.jpg\" alt=\"cadernospretos\" width=\"480\" height=\"270\" srcset=\"https:\/\/livraria-arcoiris.pt\/wp-content\/uploads\/2011\/10\/cadernospretos-1024x576.jpg 1024w, https:\/\/livraria-arcoiris.pt\/wp-content\/uploads\/2011\/10\/cadernospretos-300x168.jpg 300w, https:\/\/livraria-arcoiris.pt\/wp-content\/uploads\/2011\/10\/cadernospretos.jpg 1920w\" sizes=\"auto, (max-width: 480px) 100vw, 480px\" \/><\/a><\/td>\n<\/tr>\n<\/tbody>\n<\/table>\n<table border=\"0\">\n<tbody>\n<tr>\n<td><a href=\"http:\/\/livraria-arcoiris.pt\/wp-content\/uploads\/2011\/10\/10-desconto.png\"> <img loading=\"lazy\" decoding=\"async\" class=\"alignnone size-full wp-image-137\" title=\"10-desconto\" src=\"http:\/\/livraria-arcoiris.pt\/wp-content\/uploads\/2011\/10\/10-desconto.png\" alt=\"\" width=\"150\" height=\"150\" srcset=\"https:\/\/livraria-arcoiris.pt\/wp-content\/uploads\/2011\/10\/10-desconto.png 250w, https:\/\/livraria-arcoiris.pt\/wp-content\/uploads\/2011\/10\/10-desconto-150x150.png 150w\" sizes=\"auto, (max-width: 150px) 100vw, 150px\" \/><\/a><\/td>\n<td>\n<h1><span style=\"color: #ff9900;\">Preparar provas finais<br \/>\n<\/span><\/h1>\n<h1><span style=\"color: #ff0000;\">Guias de estudo<br \/>\n<\/span><\/h1>\n<h2><span style=\"color: #339966;\">Dicion\u00e1rios<\/span><\/h2>\n<h1>Testes interm\u00e9dios<\/h1>\n<h2><\/h2>\n<p>&nbsp;<\/td>\n<\/tr>\n<\/tbody>\n<\/table>\n<ul>\n<li style=\"text-align: center;\">livros escolares<\/li>\n<li style=\"text-align: center;\">fotoc\u00f3pias a preto e a cores<\/li>\n<li style=\"text-align: center;\">cromos de futebol<\/li>\n<li style=\"text-align: center;\">encaderna\u00e7\u00f5es<\/li>\n<li style=\"text-align: center;\">l\u00e1pis e canetas!<\/li>\n<li style=\"text-align: center;\">e muito mais!<\/li>\n<\/ul>\n<p>&nbsp;<\/p>\n<p>&nbsp;<\/p>\n<p>&nbsp;<\/p>\n<p>&nbsp;<\/p>\n<p>&nbsp;<\/p>\n","protected":false},"excerpt":{"rendered":"<p>Siga-nos no Facebook fotoc\u00f3pias cor\/p&amp;b | impress\u00f5es cor\/p&amp;b | encaderna\u00e7\u00f5es argola metal | plastifica\u00e7\u00f5es a quente | encapamos livros escolares e outros CAMPANHA ESCOLAR 2015 \u00a0 Preparar provas finais Guias de estudo Dicion\u00e1rios Testes interm\u00e9dios &nbsp; livros escolares fotoc\u00f3pias a preto e a cores cromos de futebol encaderna\u00e7\u00f5es l\u00e1pis e canetas! e muito mais! &nbsp;<\/p>\n","protected":false},"author":1,"featured_media":0,"parent":0,"menu_order":0,"comment_status":"closed","ping_status":"closed","template":"","meta":{"footnotes":""},"class_list":["post-17","page","type-page","status-publish","hentry"],"_links":{"self":[{"href":"https:\/\/livraria-arcoiris.pt\/index.php?rest_route=\/wp\/v2\/pages\/17","targetHints":{"allow":["GET"]}}],"collection":[{"href":"https:\/\/livraria-arcoiris.pt\/index.php?rest_route=\/wp\/v2\/pages"}],"about":[{"href":"https:\/\/livraria-arcoiris.pt\/index.php?rest_route=\/wp\/v2\/types\/page"}],"author":[{"embeddable":true,"href":"https:\/\/livraria-arcoiris.pt\/index.php?rest_route=\/wp\/v2\/users\/1"}],"replies":[{"embeddable":true,"href":"https:\/\/livraria-arcoiris.pt\/index.php?rest_route=%2Fwp%2Fv2%2Fcomments&post=17"}],"version-history":[{"count":96,"href":"https:\/\/livraria-arcoiris.pt\/index.php?rest_route=\/wp\/v2\/pages\/17\/revisions"}],"predecessor-version":[{"id":268,"href":"https:\/\/livraria-arcoiris.pt\/index.php?rest_route=\/wp\/v2\/pages\/17\/revisions\/268"}],"wp:attachment":[{"href":"https:\/\/livraria-arcoiris.pt\/index.php?rest_route=%2Fwp%2Fv2%2Fmedia&parent=17"}],"curies":[{"name":"wp","href":"https:\/\/api.w.org\/{rel}","templated":true}]}}